- 1367. Give j(-33).
-47
Let z(x) = x**3 - 166*x**2 - 2487*x - 5934. Give z(180).
6
Let b(h) = -24*h + 1420. Give b(60).
-20
Let l(q) = 10044*q + 261151. What is l(-26)?
7
Let p(t) = -42153*t - 885221. Calculate p(-21).
-8
Let v(b) = -3814*b - 22471. Determine v(-6).
413
Let i(p) = 4*p**3 - 23*p**2 + 201*p - 1951. Give i(11).
2801
Let y(j) = 20*j**2 - 1106*j + 12078. What is y(15)?
-12
Let i(a) = -a**2 + 27*a + 1391. Give i(54).
-67
Let l(s) = 14*s**3 - 1694*s**2 + 304*s - 36794. Determine l(121).
-10
Let t(k) = -8*k**3 - 118*k**2 - 5*k - 587. Give t(-15).
-62
Let b(t) = 25*t**2 - 378*t + 1027. What is b(3)?
118
Let l(b) = -47*b**3 - 2*b**2 - 452*b - 1351. Calculate l(-3).
1256
Let g(j) = -13221*j - 581727. Calculate g(-44).
-3
Let v(h) = -5*h**2 - 74*h - 403. What is v(-6)?
-139
Let f(n) = 497*n - 91474. What is f(184)?
-26
Let v(q) = 5*q**3 - 2188*q**2 - 7498*q + 448. Give v(441).
7
Let a(d) = d**3 - 53*d**2 - 119*d + 9100. What is a(52)?
208
Let d(l) = 22*l**3 + 452*l**2 + 288*l - 1. Determine d(-20).
-961
Let s(n) = -n**3 - 107*n**2 + 96*n - 25737. What is s(-110)?
3
Let i(g) = 6*g**3 - 83*g**2 + 18*g - 352. Calculate i(14).
96
Let q(v) = 9459*v + 56623. What is q(-6)?
-131
Let z(b) = -7700*b - 100104. Determine z(-13).
-4
Let i(y) = -2*y**2 - 7715*y + 46321. Determine i(6).
-41
Let s(x) = 2975*x - 32613. Calculate s(11).
112
Let i(a) = a**3 + 269*a**2 - 192*a - 123433. What is i(-268)?
-153
Let t(c) = 158*c - 9706. What is t(52)?
-1490
Let d(g) = -g**3 + 150*g**2 - 51*g + 154005. Calculate d(156).
33
Let t(u) = -664*u + 67721. Calculate t(102).
-7
Let m(i) = -5*i**2 - 76*i + 19816. Calculate m(-71).
7
Let w(j) = 9*j**2 + 1632*j + 68648. Give w(-115).
-7
Let t(g) = g**2 - 144*g - 23849. Determine t(-99).
208
Let i(j) = 2*j**2 + 274*j - 24680. What is i(-199)?
-4
Let s(h) = -6*h**3 - 1329*h**2 + 670*h + 565. Determine s(-222).
-323
Let a(t) = 53492*t + 321017. Give a(-6).
65
Let g(u) = -u**3 + 351*u**2 + 495*u - 50664. What is g(352)?
-328
Let l(n) = 16*n**2 - 5165*n + 4256. What is l(322)?
70
Let a(m) = m**2 + 3964*m - 2167592. Calculate a(487).
45
Let q(l) = 15*l**2 - 59*l - 94. What is q(14)?
2020
Let s(o) = 3*o**3 - 318*o**2 - 227*o - 10108. Calculate s(107).
-50
Let c(k) = 12694*k**2 - 495071*k - 7. Determine c(39).
-202
Let b(x) = 15663*x + 281959. Determine b(-18).
25
Let t(r) = 20*r**3 - 5099*r**2 - 256*r + 260. What is t(255)?
5
Let p(i) = 3*i**3 - 74*i**2 + 350*i - 7243. Determine p(24).
5
Let x(r) = -42122*r - 1558438. Calculate x(-37).
76
Let f(p) = 88*p**3 + 5*p**2 + 8*p - 13. Determine f(1).
88
Let m(b) = -131*b**3 + 22*b**2 - 50*b - 104. Calculate m(-2).
1132
Let u(s) = 2665*s**2 + 63966*s + 134. Give u(-24).
-10
Let y(v) = -3*v**3 - 432*v**2 + 431*v - 535. Give y(-145).
45
Let p(v) = 4*v**3 - 347*v**2 + 7447*v + 72. Give p(39).
-6
Let y(l) = 5*l**3 + 18*l**2 + 22*l + 66. Calculate y(-4).
-54
Let t(m) = -21*m**3 + 2628*m**2 - 373*m + 49. Calculate t(125).
299
Let y(f) = 3*f**2 - 688*f + 35580. What is y(79)?
-49
Let v(j) = -4*j**3 - 144*j**2 + 463*j - 199. Determine v(-39).
-4
Let c(x) = -2*x**2 - 260*x + 1631. What is c(-136)?
-1
Let x(u) = 3198*u**2 - 6676*u - 6. Calculate x(2).
-566
Let s(z) = 7*z**2 - 961*z + 397. Determine s(132).
-4487
Let u(h) = -h**2 + 1058*h + 27062. Determine u(-25).
-13
Let r(h) = -474*h**2 - 13*h + 25. What is r(0)?
25
Let p(y) = 14*y**3 + 7*y**2 + 88*y + 448. Determine p(-6).
-2852
Let o(x) = x**3 + 14*x**2 + 1126*x + 7651. Calculate o(-7).
112
Let r(m) = 39*m**2 + 205*m + 239. Give r(-4).
43
Let l(k) = -k**3 + 121*k**2 - 1517*k + 2027. Calculate l(107).
-6
Let v(w) = -22*w**2 + 1822*w - 31671. Calculate v(58).
-3
Let f(s) = 1069*s**3 + 8*s**2 - 275*s + 268. Give f(1).
1070
Let s(w) = 192*w**2 + 92*w - 529. What is s(5)?
4731
Let r(b) = 1058*b - 57205. Calculate r(54).
-73
Let q(i) = 2*i**3 - 17*i**2 - 140*i + 78. What is q(15)?
903
Let a(q) = 12*q**2 + 190*q - 855. Give a(5).
395
Let m(d) = -12037*d - 7414801. Give m(-616).
-9
Let d(c) = c**3 - 14*c**2 + 142*c + 84. What is d(8)?
836
Let u(v) = 1142*v + 1273. Calculate u(-2).
-1011
Let n(o) = -27149*o + 24. What is n(0)?
24
Let t(f) = -3698*f + 6517. Give t(2).
-879
Let j(w) = -10118*w + 121342. Give j(12).
-74
Let l(p) = -15*p**3 - 227*p**2 + 618*p + 9717. Calculate l(-15).
-3
Let p(c) = -2*c**3 + 50*c**2 + 70*c - 451. What is p(26)?
17
Let y(t) = t**3 + 298*t**2 - 22750*t - 2520. What is y(-361)?
7
Let d(v) = 1856*v - 11099. Calculate d(6).
37
Let g(v) = -18*v**2 + 820*v - 84. Give g(50).
-4084
Let l(s) = -s**2 - 61786*s + 1669001. Calculate l(27).
50
Let f(w) = -1143*w + 36604. What is f(32)?
28
Let a(b) = 2*b**3 + 419*b**2 - 2138*b - 24. What is a(5)?
11
Let b(c) = -18*c**3 - 121*c**2 + 47*c + 29. Determine b(-7).
-55
Let u(k) = -593*k - 4432. Determine u(-8).
312
Let o(r) = 9*r**3 + 4*r**2 + 114*r - 117. Determine o(1).
10
Let v(i) = -i**3 + 99*i**2 - 334*i + 76845. What is v(103)?
7
Let g(n) = -35*n**2 - 5235*n + 2241. Determine g(-150).
-9
Let q(y) = -660*y**2 + 391*y + 5. Calculate q(2).
-1853
Let a(t) = t**3 + 14*t**2 - 229*t - 2840. Give a(-11).
42
Let g(j) = 2499*j + 19649. Calculate g(-7).
2156
Let o(c) = -c**2 + 42*c + 835. Determine o(-34).
-1749
Let q(c) = -3*c**2 - 337*c + 44270. Determine q(-190).
0
Let w(y) = -6946*y + 21137. Determine w(3).
299
Let s(q) = 98*q + 6994. Give s(-77).
-552
Let j(t) = 4321*t + 3801. Give j(-1).
-520
Let n(w) = 197*w - 3965. Calculate n(32).
2339
Let k(u) = 14*u**3 - 22*u**2 + 8746*u - 8725. What is k(1)?
13
Let h(d) = -257*d**2 - 2807*d + 25. Determine h(-11).
-195
Let z(n) = 3667*n - 69655. Calculate z(19).
18
Let d(x) = 5*x**2 - 14*x - 29. Give d(2).
-37
Let t(b) = -4210*b - 113668. Give t(-27).
2
Let y(t) = -t**3 - 30*t**2 - 146*t + 338. What is y(-23)?
-7
Let v(l) = -l**3 - 154*l**2 - 4936*l + 3480. Determine v(-108).
24
Let o(q) = -78*q**3 - 35*q**2 - q + 141. Give o(-2).
627
Let u(t) = 16*t**2 - 467*t - 881. Calculate u(31).
18
Let m(n) = -n**2 + 14967*n - 149632. What is m(10)?
-62
Let l(n) = -1676*n**2 - 241*n + 18. Determine l(-1).
-1417
Let g(h) = 2*h**2 + 1383*h - 46361. Give g(32).
-57
Let q(f) = -315*f + 8505. Determine q(25).
630
Let o(u) = u**3 + 123*u**2 + 1983*u + 148. Determine o(-19).
15
Let i(l) = -4260*l + 8207. Calculate i(2).
-313
Let b(x) = x**2 + 6995*x - 7001. What is b(1)?
-5
Let i(k) = -12*k**2 + 391*k + 3223. Calculate i(-8).
-673
Let b(n) = -1547*n + 94806. What is b(61)?
439
Let x(r) = -r**3 + 121*r**2 - 1345*r + 1504. What is x(11)?
19
Let d(m) = 1345*m - 107079. What is d(81)?
1866
Let w(l) = l**3 + 327*l**2 + 18*l + 5918. What is w(-327)?
32
Let m(s) = -s**3 + 33*s**2 - 146*s + 667. Calculate m(29).
-203
Let z(q) = -7*q**3 + 294*q**2 + 2372*q - 215. Calculate z(-7).
-12
Let g(b) = 5*b**2 - 1867*b + 13526. What is g(366)?
-16
Let t(x) = -x**3 - 47*x**2 + 600*x - 1273. Calculate t(8).
7
Let z(t) = -37358*t - 635072. Determine z(-17).
14
Let p(u) = 141*u**2 - 11*u + 30. Determine p(3).
1266
Let c(p) = -1700*p + 1251035. Give c(736).
-165
Let j(d) = 3*d**3 + 174*d**2 - 10*d + 68. Give j(-58).
648
Let f(n) = 11088*n - 543406. Calculate f(49).
-94
Let m(z) = -27*z**2 + 75*z + 110. Determine m(-5).
-940
Let n(a) = 2*a**2 - 3936*a - 43429. Calculate n(-11).
109
Let o(h) = h**3 + 22*h**2 - 1267*h - 254. Give o(27).
1258
Let q(l) = -4970*l + 44511. Give q(9).
-219
Let s(d) = -1913*d - 53584. What is s(-28)?
-20
Let w(o) = 2*o**3 - 38*o**2 - 1801*o - 319. Give w(41).
-196
Let h(o) = -78*o**2 - 13573*o - 609. Give h(-174).
-435
Let k(d) = -3764*d - 45062. What is k(-12)?
106
Let f(r) = 5*r**3 + 237*r**2 + 485*r + 18377. What is f(-47)?
0
Let m(y) = y**3 - y**2 - 77*y + 212. Determine m(9).
167
Let u(t) = -10*t**2 - 226*t + 696. What is u(3)?
-72
Let v(q) = -2935*q + 8583. Give v(3).
-222
Let w(q) = 486*q - 31896. Determine w(65).
-306
Let m(z) = -17710*z + 1824143. Give m(103).
13
Let f(n) = -7*n**2 - 582*n - 11987. Calculate f(-45).
28
Let g(z) = -z**3 - 31*z**2 - 121*z - 869. Calculate g(-28).
167
Let n(i) = -7*i**3 - 95*i**2 - 894*i - 13095. Give n(-14).
9
Let l(w) = 10*w**2 + 67*w - 5. Determine l(0).
-5
Let u(j) = 599*j - 21200. Give u(36).
364
Let c(o) = 24*o**3 - 66*o - 307. Give c(-4).
-1579
Let h(t) = t**3 + 37*t**2 - 417*t - 202. Calculate h(-46).
-64
Let v(p) =